{"version":"1.0","provider_name":"AGIL&#039;IT","provider_url":"https:\/\/www.agilit.law\/en\/","author_name":"St\u00e9phanie ROCHE","author_url":"https:\/\/www.agilit.law\/en\/author\/stephanie\/","title":"Le p\u00f4le Propri\u00e9t\u00e9 Intellectuelle se renforce! - AGIL&#039;IT","type":"rich","width":600,"height":338,"html":"<blockquote class=\"wp-embedded-content\" data-secret=\"3XCy1iaCl6\"><a href=\"https:\/\/www.agilit.law\/en\/propriete-intellectuelle\/le-pole-propriete-intellectuelle-se-renforce\/\">Le p\u00f4le Propri\u00e9t\u00e9 Intellectuelle se renforce!<\/a><\/blockquote><iframe sandbox=\"allow-scripts\" security=\"restricted\" src=\"https:\/\/www.agilit.law\/en\/propriete-intellectuelle\/le-pole-propriete-intellectuelle-se-renforce\/embed\/#?secret=3XCy1iaCl6\" width=\"600\" height=\"338\" title=\"&#8220;Le p\u00f4le Propri\u00e9t\u00e9 Intellectuelle se renforce!&#8221; &#8212; AGIL&#039;IT\" data-secret=\"3XCy1iaCl6\" frameborder=\"0\" marginwidth=\"0\" marginheight=\"0\" scrolling=\"no\" class=\"wp-embedded-content\"><\/iframe><script type=\"text\/javascript\">\n\/*! This file is auto-generated *\/\n!function(c,d){\"use strict\";var e=!1,o=!1;if(d.querySelector)if(c.addEventListener)e=!0;if(c.wp=c.wp||{},c.wp.receiveEmbedMessage);else if(c.wp.receiveEmbedMessage=function(e){var t=e.data;if(!t);else if(!(t.secret||t.message||t.value));else if(\/[^a-zA-Z0-9]\/.test(t.secret));else{for(var r,s,a,i=d.querySelectorAll('iframe[data-secret=\"'+t.secret+'\"]'),n=d.querySelectorAll('blockquote[data-secret=\"'+t.secret+'\"]'),o=new RegExp(\"^https?:$\",\"i\"),l=0;l<n.length;l++)n[l].style.display=\"none\";for(l=0;l<i.length;l++)if(r=i[l],e.source!==r.contentWindow);else{if(r.removeAttribute(\"style\"),\"height\"===t.message){if(1e3<(s=parseInt(t.value,10)))s=1e3;else if(~~s<200)s=200;r.height=s}if(\"link\"===t.message)if(s=d.createElement(\"a\"),a=d.createElement(\"a\"),s.href=r.getAttribute(\"src\"),a.href=t.value,!o.test(a.protocol));else if(a.host===s.host)if(d.activeElement===r)c.top.location.href=t.value}}},e)c.addEventListener(\"message\",c.wp.receiveEmbedMessage,!1),d.addEventListener(\"DOMContentLoaded\",t,!1),c.addEventListener(\"load\",t,!1);function t(){if(o);else{o=!0;for(var e,t,r,s=-1!==navigator.appVersion.indexOf(\"MSIE 10\"),a=!!navigator.userAgent.match(\/Trident.*rv:11\\.\/),i=d.querySelectorAll(\"iframe.wp-embedded-content\"),n=0;n<i.length;n++){if(!(r=(t=i[n]).getAttribute(\"data-secret\")))r=Math.random().toString(36).substr(2,10),t.src+=\"#?secret=\"+r,t.setAttribute(\"data-secret\",r);if(s||a)(e=t.cloneNode(!0)).removeAttribute(\"security\"),t.parentNode.replaceChild(e,t);t.contentWindow.postMessage({message:\"ready\",secret:r},\"*\")}}}}(window,document);\n<\/script>\n","thumbnail_url":"https:\/\/www.agilit.law\/wp-content\/uploads\/2026\/03\/Michal-scaled.jpg","thumbnail_width":2560,"thumbnail_height":2560,"description":"Nous avons le plaisir d\u2019annoncer l\u2019arriv\u00e9e d\u2019un nouvel associ\u00e9 au sein du\u00a0p\u00f4le\u00a0Propri\u00e9t\u00e9 intellectuelle d\u2019AGIL\u2019IT : Michal BOHACZEWSKI Michal accompagne une client\u00e8le fran\u00e7aise et internationale sur l\u2019ensemble des questions li\u00e9es \u00e0 la protection et \u00e0 la gestion des actifs immat\u00e9riels. Il intervient notamment en droit des marques, dessins et mod\u00e8les, droit d\u2019auteur et concurrence d\u00e9loyale, tant&hellip;"}

Stéphanie ROCHE

Le pôle Propriété Intellectuelle se renforce! - AGIL&#039;IT

<blockquote class="wp-embedded-content" data-secret="3XCy1iaCl6"><a href="https://www.agilit.law/en/propriete-intellectuelle/le-pole-propriete-intellectuelle-se-renforce/">Le pôle Propriété Intellectuelle se renforce!</a></blockquote><iframe sandbox="allow-scripts" security="restricted" src="https://www.agilit.law/en/propriete-intellectuelle/le-pole-propriete-intellectuelle-se-renforce/embed/#?secret=3XCy1iaCl6" width="600" height="338" title="&#8220;Le pôle Propriété Intellectuelle se renforce!&#8221; &#8212; AGIL&#039;IT" data-secret="3XCy1iaCl6" frameborder="0" marginwidth="0" marginheight="0" scrolling="no" class="wp-embedded-content"></iframe><script type="text/javascript">
/*! This file is auto-generated */
!function(c,d){"use strict";var e=!1,o=!1;if(d.querySelector)if(c.addEventListener)e=!0;if(c.wp=c.wp||{},c.wp.receiveEmbedMessage);else if(c.wp.receiveEmbedMessage=function(e){var t=e.data;if(!t);else if(!(t.secret||t.message||t.value));else if(/[^a-zA-Z0-9]/.test(t.secret));else{for(var r,s,a,i=d.querySelectorAll('iframe[data-secret="'+t.secret+'"]'),n=d.querySelectorAll('blockquote[data-secret="'+t.secret+'"]'),o=new RegExp("^https?:$","i"),l=0;l<n.length;l++)n[l].style.display="none";for(l=0;l<i.length;l++)if(r=i[l],e.source!==r.contentWindow);else{if(r.removeAttribute("style"),"height"===t.message){if(1e3<(s=parseInt(t.value,10)))s=1e3;else if(~~s<200)s=200;r.height=s}if("link"===t.message)if(s=d.createElement("a"),a=d.createElement("a"),s.href=r.getAttribute("src"),a.href=t.value,!o.test(a.protocol));else if(a.host===s.host)if(d.activeElement===r)c.top.location.href=t.value}}},e)c.addEventListener("message",c.wp.receiveEmbedMessage,!1),d.addEventListener("DOMContentLoaded",t,!1),c.addEventListener("load",t,!1);function t(){if(o);else{o=!0;for(var e,t,r,s=-1!==navigator.appVersion.indexOf("MSIE 10"),a=!!navigator.userAgent.match(/Trident.*rv:11\./),i=d.querySelectorAll("iframe.wp-embedded-content"),n=0;n<i.length;n++){if(!(r=(t=i[n]).getAttribute("data-secret")))r=Math.random().toString(36).substr(2,10),t.src+="#?secret="+r,t.setAttribute("data-secret",r);if(s||a)(e=t.cloneNode(!0)).removeAttribute("security"),t.parentNode.replaceChild(e,t);t.contentWindow.postMessage({message:"ready",secret:r},"*")}}}}(window,document);
</script>

Nous avons le plaisir d’annoncer l’arrivée d’un nouvel associé au sein du pôle Propriété intellectuelle d’AGIL’IT : Michal BOHACZEWSKI Michal accompagne une clientèle française et internationale sur l’ensemble des questions liées à la protection et à la gestion des actifs immatériels. Il intervient notamment en droit des marques, dessins et modèles, droit d’auteur et concurrence déloyale, tant&hellip;
